{"id":16,"date":"2014-12-20T12:23:02","date_gmt":"2014-12-20T10:23:02","guid":{"rendered":"http:\/\/127.0.0.1\/wordpress\/?page_id=16"},"modified":"2015-05-03T17:12:41","modified_gmt":"2015-05-03T15:12:41","slug":"der-verein","status":"publish","type":"page","link":"https:\/\/reitundzuchtstallnordhof.de\/wordpress\/der-verein\/","title":{"rendered":"Der Verein"},"content":{"rendered":"<p>Der L\u00e4ndliche Reitverein Nordhof e.V. wurde im Jahr<strong> 2003 in Nordhof gegr\u00fcndet<\/strong>, wo er bis zum heutigen Tage seinen Sitz hat.<\/p>\n<p>Mit <strong>ca. 20 Mitgliedern<\/strong> sind wir ein eher kleiner Verein, doch hegen wir stets das Motto &#8220; klein, aber fein&#8220;. Ob Turnier-, Freizeit- oder sogar Nichtreiter, uns alle <strong>verbindet<\/strong> die <strong>Liebe zum Pferd<\/strong>!<\/p>\n<p>Zu unseren <strong>gemeinschaftlichen Aktivit\u00e4ten<\/strong> geh\u00f6ren unter anderem das <strong>Grillen<\/strong> an hei\u00dfen Sommertagen oder die <strong>Weihnachtsfeier<\/strong> zum Ende jedes Jahres sowie der vereinte Besuch in der <strong>Therme Bad Wilsnack<\/strong>, sodass f\u00fcr gen\u00fcgend Abwechslung gesorgt wird und auch die Nichtreiter auf ihre Kosten kommen.<\/p>\n<p>Zus\u00e4tzlich gibt es auch hin und wieder mal Veranstaltungen wie das <strong>Richterreiten <\/strong>oder kleine <strong>Hausturniere<\/strong>, wo alle Mitglieder flei\u00dfig mit anpacken und am Ende des Tages gestaunt wird, was man zusammen bewerkstelligt hat.<\/p>\n<p>Nicht zu vergessen sind auch Events wie der <strong>Osterritt<\/strong>, bei dem wir circa vier Stunden, mit kleinen Picknickpausen zwischendurch, im Sattel sa\u00dfen, beziehungsweise die Nichtreiter in der Kutsche.<\/p>\n<p>An diesem Tag w\u00fcnschte sich so manch ein Spring- oder auch Dressurreiter den bequemen Westernsattel seines Kollegen.<\/p>\n<p>Um die Vielfalt in den Unternehmungen weiter beizubehalten sind unter anderem zus\u00e4tzliche Unternehmungen wie eine <strong>Bootsfahrt im Spreewaldkahn<\/strong> durch das Linumer Teichland, \u00fcber Kremmen bis nach Fehrbellin geplant sowie auch ein<strong> Ausflug inkl. \u00dcbernachtung mit den Pferden<\/strong> im Forsthaus Rottstiel.<\/p>\n<p>Da wir auch Mitglieder haben, die kein Pferd besitzen, bietet sich auch der<strong> Unterricht oder das Ausreiten auf unseren Vereinspferden<\/strong> an.<\/p>\n<p>Urmel und Stern sind zwei zuverl\u00e4ssige Partner in der Bahn, als auch im Gel\u00e4nde f\u00fcr Anf\u00e4nger und Fortgeschrittene.<\/p>\n<p>&nbsp;<\/p>\n<h4>Urmel:<\/h4>\n<ul>\n<li>Schimmel<\/li>\n<li>Brandenburger Stute<\/li>\n<li>*2003<\/li>\n<li>Ausbildungsstand: A-Dressur und E- Springen<\/li>\n<\/ul>\n<p><strong>Stern:<\/strong><\/p>\n<ul>\n<li>brauner<\/li>\n<li>Hannoveraner Wallach<\/li>\n<li>*2002<\/li>\n<li>Ausbildungsstand: M-Dressur und L-Springen<\/li>\n<\/ul>\n<p>&nbsp;<\/p>\n","protected":false},"excerpt":{"rendered":"<p>Der L\u00e4ndliche Reitverein Nordhof e.V. wurde im Jahr 2003 in Nordhof gegr\u00fcndet, wo er bis zum heutigen Tage seinen Sitz hat. Mit ca. 20 Mitgliedern sind wir ein eher kleiner Verein, doch hegen wir stets das Motto &#8220; klein, aber fein&#8220;. Ob Turnier-, Freizeit- oder sogar Nichtreiter, uns alle verbindet die Liebe zum Pferd! Zu [&hellip;]<\/p>\n","protected":false},"author":2,"featured_media":616,"parent":0,"menu_order":0,"comment_status":"closed","ping_status":"closed","template":"","meta":{"footnotes":""},"class_list":["post-16","page","type-page","status-publish","has-post-thumbnail","hentry"],"_links":{"self":[{"href":"https:\/\/reitundzuchtstallnordhof.de\/wordpress\/wp-json\/wp\/v2\/pages\/16","targetHints":{"allow":["GET"]}}],"collection":[{"href":"https:\/\/reitundzuchtstallnordhof.de\/wordpress\/wp-json\/wp\/v2\/pages"}],"about":[{"href":"https:\/\/reitundzuchtstallnordhof.de\/wordpress\/wp-json\/wp\/v2\/types\/page"}],"author":[{"embeddable":true,"href":"https:\/\/reitundzuchtstallnordhof.de\/wordpress\/wp-json\/wp\/v2\/users\/2"}],"replies":[{"embeddable":true,"href":"https:\/\/reitundzuchtstallnordhof.de\/wordpress\/wp-json\/wp\/v2\/comments?post=16"}],"version-history":[{"count":16,"href":"https:\/\/reitundzuchtstallnordhof.de\/wordpress\/wp-json\/wp\/v2\/pages\/16\/revisions"}],"predecessor-version":[{"id":622,"href":"https:\/\/reitundzuchtstallnordhof.de\/wordpress\/wp-json\/wp\/v2\/pages\/16\/revisions\/622"}],"wp:featuredmedia":[{"embeddable":true,"href":"https:\/\/reitundzuchtstallnordhof.de\/wordpress\/wp-json\/wp\/v2\/media\/616"}],"wp:attachment":[{"href":"https:\/\/reitundzuchtstallnordhof.de\/wordpress\/wp-json\/wp\/v2\/media?parent=16"}],"curies":[{"name":"wp","href":"https:\/\/api.w.org\/{rel}","templated":true}]}}